000011001
In base 8, what is 5751304 + -1061?
5750223
In base 5, what is -2123231 - 1120?
-2124401
In base 14, what is 76223111 + 3?
76223114
In base 9, what is -6170647 - -5?
-6170642
In base 8, what is 32 - -36111240?
36111272
In base 11, what is 0 + 8092619?
8092619
In base 16, what is ace37 + -58d?
ac8aa
In base 15, what is 51c8e + 392?
52131
In base 5, what is 1243310043432 - -1?
1243310043433
In base 3, what is 20010112102 - -10220112?
20021102221
In base 3, what is 1021 + 1011102211120?
1011102212211
In base 12, what is -5a5 + 3b6938?
3b6353
In base 8, what is -2 - -24215547?
24215545
In base 9, what is 2263270 - -207?
2263477
In base 13, what is -1a4cb6c5 - 1?
-1a4cb6c6
In base 16, what is -aba6 - b39?
-b6df
In base 15, what is -1e1968 - -5?
-1e1963
In base 15, what is -88aedd - 8?
-88aee6
In base 6, what is 324332522101 + -4?
324332522053
In base 13, what is 23851bc - 5?
23851b7
In base 2, what is 1001 + -100011100101110001010?
-100011100101110000001
In base 12, what is 25 + -1a4b92?
-1a4b69
In base 15, what is -3 - -61d33bd?
61d33ba
In base 4, what is 1203 - -1003312223?
1003320032
In base 4, what is 2113 + 2320311?
2323030
In base 14, what is -7c1d9 - -75?
-7c164
In base 4, what is 30101221 - -1031?
30102312
In base 8, what is 765134020 - -4?
765134024
In base 4, what is -2212 + 12003133120?
12003130302
In base 4, what is -31322 - -2120013?
2022031
In base 16, what is 1 - -4b7f85?
4b7f86
In base 15, what is -3 - 31244e?
-312452
In base 11, what is -3 + 89310a4?
89310a1
In base 2, what is 11 + 101101000110101001010110?
101101000110101001011001
In base 5, what is 41231 + 344431?
441212
In base 9, what is -2610471 - -1?
-2610470
In base 2, what is -1110011010011001 - -1011011?
-1110011000111110
In base 6, what is -212 + -110201233?
-110201445
In base 8, what is 1275557 - -76?
1275655
In base 2, what is 1011010101 + -10001011001010100010?
-10001010111111001101
In base 12, what is 1 - -12a6662b?
12a66630
In base 16, what is 17 - 33686?
-3366f
In base 10, what is 18 - -107015?
107033
In base 6, what is 4554 - -202344?
211342
In base 8, what is -66023344 - -4?
-66023340
In base 9, what is -10 + 3656515?
3656505
In base 16, what is 2eb - -a80?
d6b
In base 2, what is -10100010111010100010 + 101011100?
-10100010110101000110
In base 16, what is -16a + 1bf0?
1a86
In base 5, what is -3331 + -13203300?
-13212131
In base 10, what is -1 - -4233526?
4233525
In base 7, what is 0 + 301541161?
301541161
In base 13, what is 2 - -52a7c8?
52a7ca
In base 12, what is 0 + -2b8bb18?
-2b8bb18
In base 10, what is 34 + 266851?
266885
In base 11, what is 591915 - -52?
591967
In base 5, what is 241121211 - -4?
241121220
In base 13, what is 1 - -3a5b0c9?
3a5b0ca
In base 16, what is 2eb24 - 13?
2eb11
In base 7, what is -525 - 62140135?
-62140663
In base 2, what is 101011110100010100 + -100100101?
101011101111101111
In base 3, what is -120102201202 + 1220?
-120102122212
In base 7, what is 3 + -23264536?
-23264533
In base 5, what is -1124122114 - 3?
-1124122122
In base 7, what is 111126046 - 54?
111125662
In base 11, what is -42 - 336001?
-336043
In base 5, what is 212 + 22204142?
22204404
In base 11, what is -19797 - 36?
-19822
In base 14, what is 17a50db - 4?
17a50d7
In base 8, what is 3620643 - -125?
3620770
In base 14, what is 2 + -24a596?
-24a594
In base 15, what is -74c - 6ab?
-e08
In base 2, what is 100010100101010 + 1110000?
100010110011010
In base 10, what is 119344 - -8?
119352
In base 4, what is 1132 - 23200002120?
-23200000322
In base 5, what is -330021132 + 14?
-330021113
In base 3, what is 100221212 + 11220112?
112212101
In base 16, what is 5 + 2754eb?
2754f0
In base 5, what is -4232222 - -42002?
-4140220
In base 14, what is -2b17b80 - 2?
-2b17b82
In base 6, what is -311502550 - -1?
-311502545
In base 14, what is -5d192d - -4?
-5d1929
In base 10, what is 82594 - -7407?
90001
In base 6, what is -3530422 + 2321?
-3524101
In base 7, what is -340622 + 6010?
-331612
In base 15, what is 1e15 + 1c91?
3ba6
In base 8, what is 2 - -57216724?
57216726
In base 7, what is 3 - 2143256345?
-2143256342
In base 16, what is 4a228 - -62?
4a28a
In base 3, what is 10 + 21000002022211212?
21000002022211222
In base 16, what is 5 + 7da57c?
7da581
In base 15, what is -1c6d11 + 216?
-1c6aea
In base 9, what is 2 + 50243?
50245
In base 15, what is -437 + -19bda?
-1a122
In base 6, what is 4 - -121553423?
121553431
In base 8, what is 346545 + 5?
346552
In base 7, what is -3604 + -11344516?
-11351423
In base 3, what is 210 - -12212010200?
12212011110
In base 5, what is -112040 - 122304?
-234344
In base 10, what is -466062 + -2197?
-468259
In base 6, what is -403531233 + -2?
-403531235
In base 8, what is -25261054 + -13?
-25261067
In base 14, what is -3c - -d715?
d6b7
In base 14, what is -168d - -ad7?
-996
In base 14, what is -1b9 + 27600?
27425
In base 16, what is -538ae - -415?
-53499
In base 13, what is 9 + 11b913?
11b91c
In base 4, what is 0 - -320120123233?
320120123233
In base 13, what is -1a2394 - -9c?
-1a22c5
In base 10, what is -9 + 828807?
828798
In base 15, what is cedbe5 + 80?
cedc75
In base 14, what is -15c2 - 1923?
-3105
In base 12, what is 4 + -23337461?
-23337459
In base 6, what is -505542520 - 3?
-505542523
In base 9, what is -88 - -168217?
168118
In base 5, what is -10 + -1002424132?
-1002424142
In base 3, what is -12012212112101 - -100120?
-12012212011211
In base 2, what is -101 + 10010000010010010001000?
10010000010010010000011
In base 3, what is 211212210 + 20020?
212010000
In base 12, what is 717 - -399b6?
3a511
In base 5, what is -4 + -321034030314?
-321034030323
In base 7, what is -40 + -122564505?
-122564545
In base 7, what is -2622 + 54120?
51165
In base 5, what is 214 - 1401314?
-1401100
In base 6, what is 201 - -231321111?
231321312
In base 8, what is 111 - -7401?
7512
In base 10, what is -21248 - -194?
-21054
In base 2, what is 100011010001 - 10001000001?
10010010000
In base 6, what is 12555 - 13003204?
-12550205
In base 11, what is -156539 + -9a?
-156628
In base 14, what is -62bd + -1795?
-7a74
In base 2, what is -100110101101 + 11011010110111111?
11010110000010010
In base 9, what is 105200660 + 1?
105200661
In base 16, what is -8 + 7f6895?
7f688d
In base 5, what is -143 - -121442200?
121442002
In base 5, what is 2 + -330102303024?
-330102303022
In base 8, what is 471 + 51321?
52012
In base 16, what is 0 + dea1d?
dea1d
In base 11, what is 513a7 - -42?
51439
In base 16, what is -49 - 1955d?
-195a6
In base 7, what is -2055564236 - -2?
-2055564234
In base 10, what is -671734369 - 1?
-671734370
In base 11, what is 4102 - 7117?
-3015
In base 13, what is 8c8 - 86b33?
-86238
In base 11, what is 10 + -1259185?
-1259175
In base 15, what is 4d1b - 6667?
-184b
In base 15, what is 1a7b0ce7 + -3?
1a7b0ce4
In base 13, what is 0 - 43a00a?
-43a00a
In base 13, what is 5 + -5b38ac4?
-5b38abc
In base 12, what is -1 - 1075606?
-1075607
In base 8, what is 3356464 - -2103?
3360567
In base 13, what is -1109 - 2c0b?
-4017
In base 16, what is -11 + -89ba60?
-89ba71
In base 11, what is -96 + 742aa9?
742a13
In base 5, what is -12 - -120202322?
120202310
In base 7, what is 103 + -46266535?
-46266432
In base 5, what is -2121224430 - -3?
-2121224422
In base 9, what is 1287 - 36308?
-35011
In base 4, what is 11330102203 + -1?
11330102202
In base 10, what is 123363 - 3739?
119624
In base 10, what is -53866 - -198?
-53668
In base 2, what is 1100111001011010111100100 - 100?
1100111001011010111100000
In base 9, what is -68374035 - -2?
-68374033
In base 9, what is -1374010027 + 3?
-1374010024
In base 16, what is 153a + 560da?
57614
In base 16, what is b - 8546c8b?
-8546c80
In base 2, what is 101010 + 101010100111100111101010?
101010100111101000010100
In base 7, what is 22 - 26055004?
-26054652
In base 9, what is 226 - -507684?
508021
In base 5, what is 11141 - -1044103?
1110244
In base 2, what is 100010000100000 - -110101100?
100010111001100
In base 7, what is -54 - -345354?
345300
In base 6, what is -12 - -2410132132?
2410132120
In base 6, what is 2503 - -501313?
504220
In base 10, what is 1 - -14085110?
14085111
In base 7, what is -6453136 + 411?
-6452425
In base 15, what is 230b - 6506?
-41ea
In base 13, what is -56aa6 - -20?
-56a86
In base 14, what is b5d2 + 48?
b63a
In base 16, wha